+ -1) - -18) + -7 - 1?
4
Calculate -1 + -17 - (23 + (4 - 28)).
-17
What is the value of -125 + 118 - (0 + (0 - 0))?
-7
Evaluate -3 - (-23 + 23 + (-1 + -5 - 1)).
4
Evaluate 4 + (0 - 1) - (-41 + 77 + -34).
1
What is the value of 317 - 328 - (-4 + 2 + 21)?
-30
Calculate (1436 - 1425) + (-5 - 0).
6
Calculate 3 + -14 + 11 + -11 + 28.
17
What is 12 + (-23 - -14 - (-4 - -13))?
-6
Evaluate -6 - (7 + -4 + 1 + 3 + -21).
8
(-9 + 12 - 7) + (8 - -8)
12
What is the value of 3 + -6 - (-31 + 19)?
9
Evaluate (754 - 736) + (-8 - -2) + 2.
14
What is -5 + 10 - (7 - 5 - -4 - -4)?
-5
What is the value of 3 + 1 - (2 - (-35 - -27))?
-6
What is (-9 + (3 + 3 - 1) - 6) + 30?
20
What is the value of 565 + -553 - (-1 + (-10 - -1))?
22
26 + -23 + (1 - -2) - (9 - 13)
10
What is the value of 2 - 1 - (1 - -2 - (-200 - -179))?
-23
What is the value of (-9 - -1) + (17 - 2 - 7)?
0
What is the value of -19 + (3 - (-2 + 6 - -6)) + 7?
-19
What is 44 + (-66 - -17 - 7)?
-12
What is -8 - (8 + (7 - (4 - (-16 + -2))))?
-1
Evaluate -3 + 21 - (3 - (-7 + 6)).
14
What is the value of -98 + 97 - (1 + -1 - 33 - 0)?
32
What is 20 - (-4 - -14 - 3)?
13
What is the value of (-13 - (15 + 1)) + 9 - (-6 - 2)?
-12
What is the value of -10 + -38 + 36 - -24?
12
What is the value of 8 - (-7 + 10) - 12 - -3?
-4
-4 + 13 + -13 + -8
-12
What is the value of 1 + -3 - (5 - 4 - -14)?
-17
Evaluate (3 - (50 - 20)) + 19.
-8
What is (48 - 51) + (1 - 0 - 0) + -1?
-3
Evaluate -22 - -22 - (0 + 5).
-5
What is (-2 - 1) + (-62 - -67) + (-13 - -25)?
14
Evaluate 2 - ((6 - (3 + 18)) + -5).
22
Calculate (7 - (2 + -5) - 32) + -7.
-29
-19 - (-22 + -4 + 17 - (-7 - -1))
-16
Calculate -3 + 5 - 0 - (529 + -542).
15
What is the value of 2 + (52 - 43) + (2 - 13 - 0)?
0
What is 1 + -1 + 60 + -57 - -4 - -2?
9
Calculate (10 - (12 + -6 + -3)) + 4.
11
Evaluate -7 + 0 - (-27 - -9 - -2).
9
Calculate (11 - (3 - (-2 - 2))) + (2 - -6).
12
What is the value of -12 + -21 + 21 + 5 + 0?
-7
(-34 - (17 + -35)) + -15 + 0
-31
What is 11 - (28 - 17) - (7 + 2)?
-9
Calculate -3 - (-4 - 8 - ((27 - 5) + -19)).
12
What is (14 - (5 + -11 + 28)) + 24?
16
Evaluate 6 + 0 + (5 - 3) - -4.
12
What is -62 + (5 - -57) + 1 + 3?
4
What is -12 - (9 - (-8 + 14)) - -37?
22
Calculate (1 - (1 - -9)) + (34 - (12 + -13)).
26
(2 - -5) + -5 + 2 - -1
5
What is the value of (0 - (4 - -28)) + -21 + 8 + 20?
-25
Calculate (-12 + 2 - 8) + 14.
-4
Evaluate 8 - ((-7 - -8) + (2 + 3 - 2)).
4
Calculate 3 + -2 - 4 - (7 - (15 + -11)).
-6
What is 18 - -1 - (31 - (64 - 37))?
15
Evaluate (-4 - (-2 - 5)) + -9.
-6
What is the value of 14 - (5 - -5 - (8 + -4)) - 1?
7
Evaluate (13 - 17 - -22) + -26.
-8
Calculate -5 + (-3 + 0 - 0).
-8
(-17 - -9) + 11 + (-20 - 6)
-23
What is (-22 - (-8 + 4)) + 16?
-2
What is -5 + 3 + 0 + 1 - 5?
-6
Calculate -8 + 10 + -23 - -14.
-7
What is the value of 0 - (-7 + (1 + 4 - -1))?
1
What is (-5 - -15) + -2 + 0 + 0?
8
What is 7 + -14 + 6 - (2 + 15)?
-18
7 - (8 + 18 + -11)
-8
What is the value of 7 + (-5 - -17) + -11 - 1?
7
35 + (-31 - 6) - -24
22
What is the value of -5 + (-14 - (-11 - 13) - 14)?
-9
Evaluate -10 - (-13 + -28 - -15).
16
What is 12 - (-5 - -16) - (0 - 3)?
4
-17 + 34 + -8 - 20
-11
What is (1 - 11) + 7 + (-53 - -25)?
-31
-132 - (-9 - 81) - (-20 - 0)
-22
9 + (-94 - -102 - (-2 - -9)) + 0
10
Calculate 2 + 6 + 2 + -6 + 10 + 21.
35
What is the value of 3 + (4 - (8 + -12) - 44)?
-33
Calculate 5 + -7 + (-5 - 3).
-10
Evaluate 3 - (38 + 15 + -28).
-22
What is (-1 - 0) + (0 - 7) - (744 + -758)?
6
What is -41 - -20 - -40 - 23?
-4
What is the value of -32 - (-4 + -3 + -3) - (6 + 1)?
-29
What is the value of 0 + -2 + -23 - (-15 - -8)?
-18
Calculate 0 + 3 - (-13 + 24).
-8
What is the value of (-1 - -8 - (1 + 1 + -20)) + -3?
22
What is (-1 - (4 + 5)) + 5 + -3 + -5?
-13
What is the value of -1 + 3 + (-10 - (33 - 31))?
-10
-32 + (-30 - -81 - 24)
-5
What is (-14 - -13) + 15 + 2 + -1 + -3?
12
What is -34 - (-1 + -33 - -19)?
-19
Calculate 6 + -2 + -9 + -2 - -24.
17
What is 0 - 7 - (-7 - -7)?
-7
What is 5 + (7 - 5 - 8)?
-1
What is (0 - -3) + (1 - 5) - (57 - 54)?
-4
Calculate -6 + (-19 - -29) + (-3 - -16).
17
What is -17 + 12 + (-7 - (-4 - 3)) - -8?
3
-4 - ((24 - 10) + -14) - -22
18
What is -23 - (-14 + 15 - 9)?
-15
-5 + -15 + (94 - 56)
18
Evaluate (28 - 9 - (2 - -4)) + (3 - 2).
14
What is the value of -2 + -12 + 10 - (1 + -1) - -10?
6
Evaluate -7 + 21 + (6 - 21) + -2 + 2.
-1
Evaluate (-20 - -12) + 15 + 4.
11
Evaluate (-12 - (3 - (14 - 7))) + -8.
-16
75 + -86 - ((-6 - -3) + -5)
-3
(-1 - -16 - 14) + (0 - -2)
3
Calculate (6 - (-6 - -23)) + (4 - (1 + -1)).
-7
1 - (-13 + (21 - (-3 - 1)))
-11
Evaluate 6 - ((16 - (5 - -16)) + (0 - 1)).
12
-19 + 16 + 3 + 23 - (2 - 13)
34
Evaluate -1 + 11 - (-6 - (33 - 43)).
6
What is the value of (13 - 14) + (-7 - -2 - (2 + -6))?
-2
Evaluate -61 - -33 - -27 - (-2 + 0 - 3).
4
What is -42 + (32 - 14) - -32?
8
(-8 + 11 - -9) + -8 + 0
4
Calculate 5 + (-11 + -7 - -7).
-6
(13 - (-2 - -2)) + (0 + -1 - 7)
5
What is the value of 3 + (2 - (8 - 1)) + 10 + -21?
-13
Evaluate -8 + 4 + (88 - 89).
-5
What is 4 + -5 + 1 + -7?
-7
Calculate 0 + -1 + 3 + (-12 - -14) - 14.
-10
What is the value of 0 + (-58 - -28) - -37?
7
(-1 - 7) + (-254 - -269) + -9
-2
Evaluate -26 - (-18 - 10) - 0.
2
What is -3 + 2 - (-15 + (0 - 2) + 12)?
4
Evaluate -16 + ((5 - 15) + 6 - -18).
-2
Calculate (1 - -8) + 2 + (-14 - -14).
11
Calculate 24 - (12 - ((2 - -10) + -1 - 2)).
21
Evaluate (-7 - -13) + -9 + -1 + -22 + -9.
-35
What is the value of 23 + 1 - (154 + -115)?
-15
What is 0 + 0 + 7 + (1 - (9 - 5))?
4
Calculate 15 - (2 + -7) - (-25 - (4 + -18)).
31
(-2 + 15 - 8) + (-9 - 0)
-4
What is -37 + (4 - (5 - 8 - -4)) + 9?
-25
Evaluate (-1 - -1 - 2) + (20 - 3) + -15.
0
Calculate (-4 - 0) + (-6 - 2 - -5).
-7
25 + 18 + 25 + -65
3
Evaluate (-1 - 0 - (-99 + 97)) + -3.
-2
Evaluate -1 - (-24 + 0) - 18.
5
What is the value of -14 - (-49 - (6 + -25))?
16
Evaluate -126 + 146 - (-2 + 6).
16
Evaluate (-28 - (-12 - (-5 - -10) - -11)) + 0.
-22
What is (2 - 3) + -2 - (-3 + 14)?
-14
What is the value of -12 + 2 + 20 - (3 - -5) - 15?
-13
(-15 - -6 - -20) + -10 + -7 - -11
5
(3 - (-2 - 2)) + (2 - (1 + 5))
3
What is the value of 8 - 1 - 7 - 16?
-16
Calculate -9 + -20 + (20 - -5).
-4
Calculate (-2 - -3) + (-8 - (15 + -19)) + 4.
1
What is the value of -12 + (8 - 5) + (4 - -23) + 9?
27
-9 + (-11 - (-2 - (28 - (4 - 0))))
6
4 - (21 - (21 + 12))
16
What is the value of 13 - 8 - 17 - 1 - (1 - 0)?
-14
What is -9 + (11 - 24) + 26 - (16 - 0)?
-12
-11 + -12 + 38 + -2
13
What is -5 - (-2 + 2 - 7) - (-1 + 2)?
1
Evaluate -11 + (12 - (10 + -11)) - (-1 - -8).
-5
What is the value of 18 + -26 + -8 - -6?
-10
1 + -1 + -274 + 269
-5
-3 + -20 - -29 - (-1 - (-6 - -3))
4
Calculate 5 + -27 - (-31 - -9).
0
What is the value of -1 + -2 - -6 - 15?
-12
-11 + 4 + (2 - 3) - (-270 - -248)
14
Calculate (-58 - -84) + -21 + 0 + 28.
33
What is (-13 - -7) + -3 + 4 - -17?
12
What is -2 + (29 - (15 - -4) - (3 - 4))?
9
Evaluate -1 + (-10 - 2) - (-168 + 178).
-23
Evaluate -24 + -10 + -3 + 28.
-9
Calculate 14 + -21 - -20 - 4.
9
Evaluate (8 + 36 - 36) + -14 + 0.
-6
What is the value of (-25 - (-14 - -17)) + 13?
-15
Evaluate (-7 - -1) + -35 + 141 + -132.
-32
(100 - 119) + -6 + 0
-25
Evaluate 3 - ((-28 - -10) + 14).
7
Calculate 53 + -23 + -21 - -11.
20
Evaluate 22 + (-14 - -9) - 15.
2
What is the value of -2 + 7 + -10 + 10 + 31 + -15?
21
Calculate 4 + -2 - 0 - 10.
-8
-16 - -6 - -15 - (18 - 2)
-11
(-34 - -36) + (3 - 9) + -18
-22
What is -2 - (-1 + 1 + -5 + -4)?
7
(41 - -31) + (32 - 65)
39
What is -68 - -34 - -38 - (19 + 2)?
-17
What is the value of (812 - 779) + -1 + -21?
11
What is (1 - (-5 - -8)) + -21 + 10 + -2?
-15
What is the value of -9 + -16 + 25 + -4?
-4
Calculate (-1 - (26 + 5)) + (1 - -3 - -1).
-27
Calculate 7 + (-12 - -3) + (2 - 2) - -2.
0
What is the value of -13 + (-1 - 24) - -25?
-13
-3 - (-5 - -16 - (16 + 18))
20
10 - 7 - (5 - 8 - -18)
-12
Calculate -4 + -2 + -2 + (-38 - -35).
-11
What is the value of (-4 - 33 - -34) + -2 + 6?
1
What is the value of 24 + -15 + 9 - 26?
-8
What is the value of 9 - 2 - (-147 + 142)?
12
What is the value of 6 - (18 - (-5 - 2 - -1 - 1))?
-19
Evaluate 0 - -6 - (-4 + 3 + 4 - 1).
4
Evaluate 0 + -1 + (-48 + 48 - -12).
11
Calculate (23 - -18 - 37) + 13.
17
Calculate (-5 + (5 - -15) - 3) + 5.
17
What is -10 + 12 - (0 - 9)?
